{"id":1462,"date":"2019-07-18T16:04:52","date_gmt":"2019-07-18T16:04:52","guid":{"rendered":"http:\/\/lapurisimaalzira.org\/?page_id=1462"},"modified":"2019-07-18T16:04:52","modified_gmt":"2019-07-18T16:04:52","slug":"plurilinguismo","status":"publish","type":"page","link":"https:\/\/lapurisimaalzira.org\/?page_id=1462","title":{"rendered":"Pluriling\u00fcismo"},"content":{"rendered":"\n<p align=\"justify\"><a href=\"http:\/\/www.dogv.gva.es\/datos\/2017\/02\/06\/pdf\/2017_870.pdf\" target=\"_blank\" rel=\"noreferrer noopener\">DOGV 7973 (06-02-2017)<\/a>:\n DECRETO 9\/2017, de 27 de enero, del Consell, por el que se establece el\n modelo ling\u00fc\u00edstico educativo valenciano y se regula su aplicaci\u00f3n en \nlas ense\u00f1anzas no universitarias de la Comunitat Valenciana.<\/p>\n\n\n\n<p align=\"justify\"><a href=\"http:\/\/www.dogv.gva.es\/datos\/2017\/02\/07\/pdf\/2017_945.pdf\" target=\"_blank\" rel=\"noreferrer noopener\" aria-label=\" (abre en una nueva pesta\u00f1a)\">DOGV 7974 (07-02-2017)<\/a>:  RESOLUCI\u00d3N de 3 de febrero de 2017, de la Direcci\u00f3n General de Pol\u00edtica  Educativa, por la que se dan instrucciones para la aplicaci\u00f3n del  Programa de educaci\u00f3n pluriling\u00fce din\u00e1mico y la elaboraci\u00f3n del Proyecto  ling\u00fc\u00edstico de centro en los centros de Educaci\u00f3n Infantil y Primaria  para el curso 2017-2018.<\/p>\n\n\n\n<p align=\"justify\"><a href=\"http:\/\/www.dogv.gva.es\/datos\/2018\/02\/22\/pdf\/2018_1773.pdf\" target=\"_blank\" rel=\"noreferrer noopener\">DOGV 8240 (22-02-2018)<\/a>:\n LEY 4\/2018, de 21 de febrero, de la Generalitat, por la que se regula y\n promueve el pluriling\u00fcismo en el sistema educativo valenciano.<\/p>\n\n\n\n<p align=\"justify\"><a href=\"https:\/\/www.boe.es\/boe\/dias\/2018\/03\/13\/pdfs\/BOE-A-2018-3441.pdf\" target=\"_blank\" rel=\"noreferrer noopener\">BOE 63 (13-03-2018)<\/a>: LEY 4\/2018, de 21 de febrero, por la que se regula y promueve el pluriling\u00fcismo en el sistema educativo valenciano.<\/p>\n","protected":false},"excerpt":{"rendered":"<p>DOGV 7973 (06-02-2017): DECRETO 9\/2017, de 27 de enero, del Consell, por el que se establece el modelo ling\u00fc\u00edstico educativo &hellip; <\/p>\n","protected":false},"author":1,"featured_media":0,"parent":0,"menu_order":0,"comment_status":"closed","ping_status":"closed","template":"","meta":{"footnotes":""},"class_list":["post-1462","page","type-page","status-publish","hentry"],"_links":{"self":[{"href":"https:\/\/lapurisimaalzira.org\/index.php?rest_route=\/wp\/v2\/pages\/1462","targetHints":{"allow":["GET"]}}],"collection":[{"href":"https:\/\/lapurisimaalzira.org\/index.php?rest_route=\/wp\/v2\/pages"}],"about":[{"href":"https:\/\/lapurisimaalzira.org\/index.php?rest_route=\/wp\/v2\/types\/page"}],"author":[{"embeddable":true,"href":"https:\/\/lapurisimaalzira.org\/index.php?rest_route=\/wp\/v2\/users\/1"}],"replies":[{"embeddable":true,"href":"https:\/\/lapurisimaalzira.org\/index.php?rest_route=%2Fwp%2Fv2%2Fcomments&post=1462"}],"version-history":[{"count":1,"href":"https:\/\/lapurisimaalzira.org\/index.php?rest_route=\/wp\/v2\/pages\/1462\/revisions"}],"predecessor-version":[{"id":1464,"href":"https:\/\/lapurisimaalzira.org\/index.php?rest_route=\/wp\/v2\/pages\/1462\/revisions\/1464"}],"wp:attachment":[{"href":"https:\/\/lapurisimaalzira.org\/index.php?rest_route=%2Fwp%2Fv2%2Fmedia&parent=1462"}],"curies":[{"name":"wp","href":"https:\/\/api.w.org\/{rel}","templated":true}]}}