{"id":337,"date":"2019-07-04T20:07:57","date_gmt":"2019-07-04T20:07:57","guid":{"rendered":"http:\/\/lapurisimaalzira.org\/?page_id=337"},"modified":"2020-11-29T14:34:30","modified_gmt":"2020-11-29T12:34:30","slug":"movimiento-paz-y-bien","status":"publish","type":"page","link":"https:\/\/lapurisimaalzira.org\/?page_id=337","title":{"rendered":"Movimiento Paz y Bien"},"content":{"rendered":"\n<p align=\"justify\">\n\n&nbsp;&nbsp;&nbsp;&nbsp;&nbsp;&nbsp;&nbsp;&nbsp;&nbsp;&nbsp;Partiendo del objetivo fundamental de la educaci\u00f3n en nuestros colegios, basado en el Carisma franciscano, y teniendo en cuenta las exigencias de nuestra sociedad, no solamente a nivel de valores t\u00e9cnicos sino espirituales, se sustenta la raz\u00f3n de ser del&nbsp;<em>Movimiento Paz y Bien<\/em>.\n\n<\/p>\n\n\n\n<p align=\"justify\">&nbsp;&nbsp;&nbsp;&nbsp;&nbsp;&nbsp;&nbsp;&nbsp;&nbsp; Es un Movimiento completamente integrado en la vida de nuestros colegios, que forma parte de la pastoral y se desarrolla dentro del horario lectivo. Actualmente, est\u00e1 funcionando en todos nuestros Centros abarcando diferentes niveles en cada uno, desde los 4 a los 18 a\u00f1os.<\/p>\n\n\n\n<p>&nbsp;&nbsp;&nbsp;&nbsp;&nbsp;&nbsp;&nbsp;&nbsp;&nbsp; Lo que pretendemos conseguir es que nuestros alumnos:<\/p>\n\n\n\n<ol class=\"wp-block-list\"><li>Aprendan a disfrutar del silencio.<\/li><li>Se inicien y participen en la oraci\u00f3n.<\/li><li>Aprendan a \u00abestar\u00bb.<\/li><li>Aprendan a escuchar.<\/li><li>Reflexionen sobre la Palabra de Dios.<\/li><li>Conozcan los diferentes signos y valores franciscanos.<\/li><\/ol>\n\n\n\n<p align=\"justify\">&nbsp;&nbsp;&nbsp;&nbsp;&nbsp;&nbsp;&nbsp;&nbsp;&nbsp; Para ello, llevamos a cabo sesiones de oraci\u00f3n a las que acuden los alumnos de manera voluntaria, y que son guiadas por una persona responsable, que en la mayor\u00eda de los casos es un profesor voluntario o alguna Hermana. Adem\u00e1s, cabe decir que en algunos colegios, colaboran tambi\u00e9n con el Movimiento padres, madres o personas que est\u00e1n o han estado relacionadas con el Centro. Estos gu\u00edas acompa\u00f1an a los grupos durante todo el curso con una periodicidad semanal o quincenal, dependiendo de las circunstancias de cada Centro, por tiempo de unos 30 minutos; que es adaptado siempre al ritmo y caracter\u00edsticas de los grupos.<\/p>\n\n\n\n<div class=\"wp-block-image\"><figure class=\"aligncenter size-large\"><img loading=\"lazy\" decoding=\"async\" width=\"1022\" height=\"767\" src=\"https:\/\/lapurisimaalzira.org\/wp-content\/uploads\/2019\/07\/Capilla_San_Damian_1.jpg\" alt=\"\" class=\"wp-image-269\" srcset=\"https:\/\/lapurisimaalzira.org\/wp-content\/uploads\/2019\/07\/Capilla_San_Damian_1.jpg 1022w, https:\/\/lapurisimaalzira.org\/wp-content\/uploads\/2019\/07\/Capilla_San_Damian_1-600x450.jpg 600w, https:\/\/lapurisimaalzira.org\/wp-content\/uploads\/2019\/07\/Capilla_San_Damian_1-300x225.jpg 300w, https:\/\/lapurisimaalzira.org\/wp-content\/uploads\/2019\/07\/Capilla_San_Damian_1-768x576.jpg 768w\" sizes=\"auto, (max-width: 1022px) 100vw, 1022px\" \/><\/figure><\/div>\n\n\n\n<p align=\"justify\">&nbsp;&nbsp;&nbsp;&nbsp;&nbsp;&nbsp;&nbsp;&nbsp;&nbsp;&nbsp;&nbsp;En todos los colegios, se han habilitado y dise\u00f1ado para la experiencia, unos espacios propios, denominados Oratorios franciscanos, presididos por una imagen del Cristo de San Dami\u00e1n, un Sagrario y la Palabra, adem\u00e1s de alguna imagen de Mar\u00eda y Madre Francisca y otros elementos como velas, cojines, alfombras, m\u00fasica, etc. que hacen de estos lugares, espacios diferentes en los que aprender a disfrutar del silencio, la escucha de la Palabra y la oraci\u00f3n con Dios, al mismo tiempo que se introducen y desarrollan los diferentes signos y valores franciscanos.<\/p>\n\n\n\n<div class=\"wp-block-image\"><figure class=\"aligncenter size-large\"><img loading=\"lazy\" decoding=\"async\" width=\"1024\" height=\"786\" src=\"https:\/\/lapurisimaalzira.org\/wp-content\/uploads\/2019\/07\/Capilla_San_Damian_2-1-1024x786.jpg\" alt=\"\" class=\"wp-image-281\" srcset=\"https:\/\/lapurisimaalzira.org\/wp-content\/uploads\/2019\/07\/Capilla_San_Damian_2-1-1024x786.jpg 1024w, https:\/\/lapurisimaalzira.org\/wp-content\/uploads\/2019\/07\/Capilla_San_Damian_2-1-600x460.jpg 600w, https:\/\/lapurisimaalzira.org\/wp-content\/uploads\/2019\/07\/Capilla_San_Damian_2-1-300x230.jpg 300w, https:\/\/lapurisimaalzira.org\/wp-content\/uploads\/2019\/07\/Capilla_San_Damian_2-1-768x589.jpg 768w, https:\/\/lapurisimaalzira.org\/wp-content\/uploads\/2019\/07\/Capilla_San_Damian_2-1.jpg 1100w\" sizes=\"auto, (max-width: 1024px) 100vw, 1024px\" \/><\/figure><\/div>\n\n\n\n<p align=\"justify\">&nbsp;&nbsp;&nbsp;&nbsp;&nbsp;&nbsp;&nbsp;&nbsp;&nbsp; En la mayor\u00eda de los colegios, la Palabra que se escucha en cada sesi\u00f3n, corresponde a la del domingo siguiente a \u00e9sta, propiciando as\u00ed, que los ni\u00f1os puedan escucharla antes de la eucarist\u00eda de dicho domingo e interiorizarla mejor, as\u00ed como, intentando relacionar su contenido con los valores franciscanos propios de nuestro Carisma. Tambi\u00e9n se adaptan las lecturas a los tiempo lit\u00fargicos, a los momentos importantes propios de cada Centro y a cada uno de los niveles, habiendo un itinerario para cada edad, para que pueda haber un mayor entendimiento por parte de ellos.<\/p>\n\n\n\n<div class=\"wp-block-image\"><figure class=\"aligncenter size-large\"><img loading=\"lazy\" decoding=\"async\" width=\"1024\" height=\"786\" src=\"https:\/\/lapurisimaalzira.org\/wp-content\/uploads\/2019\/07\/Capilla_San_Damian_3-1-1024x786.jpg\" alt=\"\" class=\"wp-image-282\" srcset=\"https:\/\/lapurisimaalzira.org\/wp-content\/uploads\/2019\/07\/Capilla_San_Damian_3-1-1024x786.jpg 1024w, https:\/\/lapurisimaalzira.org\/wp-content\/uploads\/2019\/07\/Capilla_San_Damian_3-1-600x461.jpg 600w, https:\/\/lapurisimaalzira.org\/wp-content\/uploads\/2019\/07\/Capilla_San_Damian_3-1-300x230.jpg 300w, https:\/\/lapurisimaalzira.org\/wp-content\/uploads\/2019\/07\/Capilla_San_Damian_3-1-768x589.jpg 768w, https:\/\/lapurisimaalzira.org\/wp-content\/uploads\/2019\/07\/Capilla_San_Damian_3-1.jpg 1097w\" sizes=\"auto, (max-width: 1024px) 100vw, 1024px\" \/><\/figure><\/div>\n\n\n\n<p align=\"justify\">&nbsp;&nbsp;&nbsp;&nbsp;&nbsp;&nbsp;&nbsp;&nbsp;&nbsp;&nbsp;&nbsp;Otras de las actividades que lleva a cabo este Movimiento en algunos colegios son las convivencias de reflexi\u00f3n a partir de 5\u00ba de primaria, en las que nuestros alumnos reflexionan y conviven a lo largo de una jornada especial llena de momentos de interiorizaci\u00f3n.<\/p>\n","protected":false},"excerpt":{"rendered":"<p>&nbsp;&nbsp;&nbsp;&nbsp;&nbsp;&nbsp;&nbsp;&nbsp;&nbsp;&nbsp;Partiendo del objetivo fundamental de la educaci\u00f3n en nuestros colegios, basado en el Carisma franciscano, y teniendo en cuenta las &hellip; <\/p>\n","protected":false},"author":1,"featured_media":0,"parent":0,"menu_order":0,"comment_status":"closed","ping_status":"closed","template":"","meta":{"footnotes":""},"class_list":["post-337","page","type-page","status-publish","hentry"],"_links":{"self":[{"href":"https:\/\/lapurisimaalzira.org\/index.php?rest_route=\/wp\/v2\/pages\/337","targetHints":{"allow":["GET"]}}],"collection":[{"href":"https:\/\/lapurisimaalzira.org\/index.php?rest_route=\/wp\/v2\/pages"}],"about":[{"href":"https:\/\/lapurisimaalzira.org\/index.php?rest_route=\/wp\/v2\/types\/page"}],"author":[{"embeddable":true,"href":"https:\/\/lapurisimaalzira.org\/index.php?rest_route=\/wp\/v2\/users\/1"}],"replies":[{"embeddable":true,"href":"https:\/\/lapurisimaalzira.org\/index.php?rest_route=%2Fwp%2Fv2%2Fcomments&post=337"}],"version-history":[{"count":3,"href":"https:\/\/lapurisimaalzira.org\/index.php?rest_route=\/wp\/v2\/pages\/337\/revisions"}],"predecessor-version":[{"id":2413,"href":"https:\/\/lapurisimaalzira.org\/index.php?rest_route=\/wp\/v2\/pages\/337\/revisions\/2413"}],"wp:attachment":[{"href":"https:\/\/lapurisimaalzira.org\/index.php?rest_route=%2Fwp%2Fv2%2Fmedia&parent=337"}],"curies":[{"name":"wp","href":"https:\/\/api.w.org\/{rel}","templated":true}]}}

<p align="justify">

&nbsp;&nbsp;&nbsp;&nbsp;&nbsp;&nbsp;&nbsp;&nbsp;&nbsp;&nbsp;Partiendo del objetivo fundamental de la educación en nuestros colegios, basado en el Carisma franciscano, y teniendo en cuenta las exigencias de nuestra sociedad, no solamente a nivel de valores técnicos sino espirituales, se sustenta la razón de ser del&nbsp;<em>Movimiento Paz y Bien</em>.

</p>



<p align="justify">&nbsp;&nbsp;&nbsp;&nbsp;&nbsp;&nbsp;&nbsp;&nbsp;&nbsp; Es un Movimiento completamente integrado en la vida de nuestros colegios, que forma parte de la pastoral y se desarrolla dentro del horario lectivo. Actualmente, está funcionando en todos nuestros Centros abarcando diferentes niveles en cada uno, desde los 4 a los 18 años.</p>



<p>&nbsp;&nbsp;&nbsp;&nbsp;&nbsp;&nbsp;&nbsp;&nbsp;&nbsp; Lo que pretendemos conseguir es que nuestros alumnos:</p>



<ol class="wp-block-list"><li>Aprendan a disfrutar del silencio.</li><li>Se inicien y participen en la oración.</li><li>Aprendan a «estar».</li><li>Aprendan a escuchar.</li><li>Reflexionen sobre la Palabra de Dios.</li><li>Conozcan los diferentes signos y valores franciscanos.</li></ol>



<p align="justify">&nbsp;&nbsp;&nbsp;&nbsp;&nbsp;&nbsp;&nbsp;&nbsp;&nbsp; Para ello, llevamos a cabo sesiones de oración a las que acuden los alumnos de manera voluntaria, y que son guiadas por una persona responsable, que en la mayoría de los casos es un profesor voluntario o alguna Hermana. Además, cabe decir que en algunos colegios, colaboran también con el Movimiento padres, madres o personas que están o han estado relacionadas con el Centro. Estos guías acompañan a los grupos durante todo el curso con una periodicidad semanal o quincenal, dependiendo de las circunstancias de cada Centro, por tiempo de unos 30 minutos; que es adaptado siempre al ritmo y características de los grupos.</p>



<div class="wp-block-image"><figure class="aligncenter size-large"><img loading="lazy" decoding="async" width="1022" height="767" src="https://lapurisimaalzira.org/wp-content/uploads/2019/07/Capilla_San_Damian_1.jpg" alt="" class="wp-image-269" srcset="https://lapurisimaalzira.org/wp-content/uploads/2019/07/Capilla_San_Damian_1.jpg 1022w, https://lapurisimaalzira.org/wp-content/uploads/2019/07/Capilla_San_Damian_1-600x450.jpg 600w, https://lapurisimaalzira.org/wp-content/uploads/2019/07/Capilla_San_Damian_1-300x225.jpg 300w, https://lapurisimaalzira.org/wp-content/uploads/2019/07/Capilla_San_Damian_1-768x576.jpg 768w" sizes="auto, (max-width: 1022px) 100vw, 1022px" /></figure></div>



<p align="justify">&nbsp;&nbsp;&nbsp;&nbsp;&nbsp;&nbsp;&nbsp;&nbsp;&nbsp;&nbsp;&nbsp;En todos los colegios, se han habilitado y diseñado para la experiencia, unos espacios propios, denominados Oratorios franciscanos, presididos por una imagen del Cristo de San Damián, un Sagrario y la Palabra, además de alguna imagen de María y Madre Francisca y otros elementos como velas, cojines, alfombras, música, etc. que hacen de estos lugares, espacios diferentes en los que aprender a disfrutar del silencio, la escucha de la Palabra y la oración con Dios, al mismo tiempo que se introducen y desarrollan los diferentes signos y valores franciscanos.</p>



<div class="wp-block-image"><figure class="aligncenter size-large"><img loading="lazy" decoding="async" width="1024" height="786" src="https://lapurisimaalzira.org/wp-content/uploads/2019/07/Capilla_San_Damian_2-1-1024x786.jpg" alt="" class="wp-image-281" srcset="https://lapurisimaalzira.org/wp-content/uploads/2019/07/Capilla_San_Damian_2-1-1024x786.jpg 1024w, https://lapurisimaalzira.org/wp-content/uploads/2019/07/Capilla_San_Damian_2-1-600x460.jpg 600w, https://lapurisimaalzira.org/wp-content/uploads/2019/07/Capilla_San_Damian_2-1-300x230.jpg 300w, https://lapurisimaalzira.org/wp-content/uploads/2019/07/Capilla_San_Damian_2-1-768x589.jpg 768w, https://lapurisimaalzira.org/wp-content/uploads/2019/07/Capilla_San_Damian_2-1.jpg 1100w" sizes="auto, (max-width: 1024px) 100vw, 1024px" /></figure></div>



<p align="justify">&nbsp;&nbsp;&nbsp;&nbsp;&nbsp;&nbsp;&nbsp;&nbsp;&nbsp; En la mayoría de los colegios, la Palabra que se escucha en cada sesión, corresponde a la del domingo siguiente a ésta, propiciando así, que los niños puedan escucharla antes de la eucaristía de dicho domingo e interiorizarla mejor, así como, intentando relacionar su contenido con los valores franciscanos propios de nuestro Carisma. También se adaptan las lecturas a los tiempo litúrgicos, a los momentos importantes propios de cada Centro y a cada uno de los niveles, habiendo un itinerario para cada edad, para que pueda haber un mayor entendimiento por parte de ellos.</p>



<div class="wp-block-image"><figure class="aligncenter size-large"><img loading="lazy" decoding="async" width="1024" height="786" src="https://lapurisimaalzira.org/wp-content/uploads/2019/07/Capilla_San_Damian_3-1-1024x786.jpg" alt="" class="wp-image-282" srcset="https://lapurisimaalzira.org/wp-content/uploads/2019/07/Capilla_San_Damian_3-1-1024x786.jpg 1024w, https://lapurisimaalzira.org/wp-content/uploads/2019/07/Capilla_San_Damian_3-1-600x461.jpg 600w, https://lapurisimaalzira.org/wp-content/uploads/2019/07/Capilla_San_Damian_3-1-300x230.jpg 300w, https://lapurisimaalzira.org/wp-content/uploads/2019/07/Capilla_San_Damian_3-1-768x589.jpg 768w, https://lapurisimaalzira.org/wp-content/uploads/2019/07/Capilla_San_Damian_3-1.jpg 1097w" sizes="auto, (max-width: 1024px) 100vw, 1024px" /></figure></div>



<p align="justify">&nbsp;&nbsp;&nbsp;&nbsp;&nbsp;&nbsp;&nbsp;&nbsp;&nbsp;&nbsp;&nbsp;Otras de las actividades que lleva a cabo este Movimiento en algunos colegios son las convivencias de reflexión a partir de 5º de primaria, en las que nuestros alumnos reflexionan y conviven a lo largo de una jornada especial llena de momentos de interiorización.</p>

<p>&nbsp;&nbsp;&nbsp;&nbsp;&nbsp;&nbsp;&nbsp;&nbsp;&nbsp;&nbsp;Partiendo del objetivo fundamental de la educación en nuestros colegios, basado en el Carisma franciscano, y teniendo en cuenta las &hellip; </p>
