{"id":3681,"date":"2022-11-24T12:43:30","date_gmt":"2022-11-24T10:43:30","guid":{"rendered":"https:\/\/lapurisimaalzira.org\/?page_id=3681"},"modified":"2023-06-08T08:31:38","modified_gmt":"2023-06-08T06:31:38","slug":"curso-2021-2022","status":"publish","type":"page","link":"https:\/\/lapurisimaalzira.org\/?page_id=3681","title":{"rendered":"Premios Curso 2022-2023"},"content":{"rendered":"\n<p><strong>03-06-2023<\/strong><\/p>\n\n\n\n<p class=\"has-medium-font-size\"><strong>34\u00ba Cross escolar de Alzira<\/strong><\/p>\n\n\n\n<p>El pasado s\u00e1bado 3 de junio en la Ciudad Deportiva Jorge Mart\u00ednez Salvadores \u00abAspar\u00bb tuvo lugar el Cross Escolar. Nuestros ni\u00f1os han participado con mucha ilusi\u00f3n, obteniendo muy buenos resultados. Han ganado el trofeo de los mejores en la categor\u00eda Benjam\u00edn.<\/p>\n\n\n<div class=\"wp-block-image\">\n<figure class=\"aligncenter size-large\"><img loading=\"lazy\" decoding=\"async\" width=\"1024\" height=\"768\" src=\"https:\/\/lapurisimaalzira.org\/wp-content\/uploads\/2023\/06\/Cross-2023-1024x768.jpg\" alt=\"\" class=\"wp-image-3984\" srcset=\"https:\/\/lapurisimaalzira.org\/wp-content\/uploads\/2023\/06\/Cross-2023-1024x768.jpg 1024w, https:\/\/lapurisimaalzira.org\/wp-content\/uploads\/2023\/06\/Cross-2023-600x450.jpg 600w, https:\/\/lapurisimaalzira.org\/wp-content\/uploads\/2023\/06\/Cross-2023-300x225.jpg 300w, https:\/\/lapurisimaalzira.org\/wp-content\/uploads\/2023\/06\/Cross-2023-768x576.jpg 768w, https:\/\/lapurisimaalzira.org\/wp-content\/uploads\/2023\/06\/Cross-2023-1536x1152.jpg 1536w, https:\/\/lapurisimaalzira.org\/wp-content\/uploads\/2023\/06\/Cross-2023.jpg 2048w\" sizes=\"auto, (max-width: 1024px) 100vw, 1024px\" \/><\/figure>\n<\/div>\n\n\n<p>Enhorabuena a todos y especialmente a Coque, Mar, Nacho, Bernat, Joel, Diego y Dani.<\/p>\n\n\n\n<p>Gracias a todas las familias que nos han acompa\u00f1ado un a\u00f1o m\u00e1s.<\/p>\n\n\n\n<p class=\"has-text-align-center\"><a href=\"https:\/\/www.elseisdoble.com\/vernoticia\/57824\/exito_en_la_34_edicion_del_cross_escolar_2023_de_alzira\" target=\"_blank\" rel=\"noreferrer noopener\">El Seis Doble<\/a>: \u00c9xito en la 34 edici\u00f3n del Cross Escolar 2023 de Alzira.<\/p>\n\n\n\n<hr class=\"wp-block-separator has-alpha-channel-opacity\"\/>\n\n\n\n<p><strong>28-11-2022<\/strong><\/p>\n\n\n\n<p class=\"has-medium-font-size\"><strong>Premios Extraordinarios al Rendimiento Acad\u00e9mico Secundaria 2021<\/strong><\/p>\n\n\n\n<p>El pasado d\u00eda 28 de noviembre tuvo lugar el acto p\u00fablico de reconocimiento a los alumnos a los que se les ha concedido, por parte de la Conselleria de Educaci\u00f3n, el premio extraordinario al rendimiento acad\u00e9mico de 2021, cuando finalizaron la etapa de secundaria.<\/p>\n\n\n\n<p>En nuestro caso eran Elisa Baviera, Carmen L\u00f3pez y Gema Orts.<\/p>\n\n\n<div class=\"wp-block-image\">\n<figure class=\"aligncenter size-full\"><img loading=\"lazy\" decoding=\"async\" width=\"960\" height=\"540\" src=\"https:\/\/lapurisimaalzira.org\/wp-content\/uploads\/2022\/12\/Secundaria-2021.jpg\" alt=\"\" class=\"wp-image-3703\" srcset=\"https:\/\/lapurisimaalzira.org\/wp-content\/uploads\/2022\/12\/Secundaria-2021.jpg 960w, https:\/\/lapurisimaalzira.org\/wp-content\/uploads\/2022\/12\/Secundaria-2021-600x338.jpg 600w, https:\/\/lapurisimaalzira.org\/wp-content\/uploads\/2022\/12\/Secundaria-2021-300x169.jpg 300w, https:\/\/lapurisimaalzira.org\/wp-content\/uploads\/2022\/12\/Secundaria-2021-768x432.jpg 768w\" sizes=\"auto, (max-width: 960px) 100vw, 960px\" \/><\/figure>\n<\/div>\n\n\n<hr class=\"wp-block-separator has-alpha-channel-opacity\"\/>\n\n\n\n<p><strong>22-11-2022<\/strong><\/p>\n\n\n\n<p class=\"has-medium-font-size\"><strong>Premios Extraordinarios al Rendimiento Acad\u00e9mico Primaria 2021<\/strong><\/p>\n\n\n\n<p>El d\u00eda 22 de noviembre se entregaron los diplomas de reconocimiento al rendimiento acad\u00e9mico de Educaci\u00f3n Primaria (curso 2020-2021) por parte de la Conselleria de Educaci\u00f3n. <\/p>\n\n\n<div class=\"wp-block-image\">\n<figure class=\"aligncenter size-large\"><img loading=\"lazy\" decoding=\"async\" width=\"1024\" height=\"577\" src=\"https:\/\/lapurisimaalzira.org\/wp-content\/uploads\/2022\/11\/Foto-2-1024x577.jpg\" alt=\"\" class=\"wp-image-3687\" srcset=\"https:\/\/lapurisimaalzira.org\/wp-content\/uploads\/2022\/11\/Foto-2-1024x577.jpg 1024w, https:\/\/lapurisimaalzira.org\/wp-content\/uploads\/2022\/11\/Foto-2-600x338.jpg 600w, https:\/\/lapurisimaalzira.org\/wp-content\/uploads\/2022\/11\/Foto-2-300x169.jpg 300w, https:\/\/lapurisimaalzira.org\/wp-content\/uploads\/2022\/11\/Foto-2-768x432.jpg 768w, https:\/\/lapurisimaalzira.org\/wp-content\/uploads\/2022\/11\/Foto-2-1536x865.jpg 1536w, https:\/\/lapurisimaalzira.org\/wp-content\/uploads\/2022\/11\/Foto-2.jpg 2048w\" sizes=\"auto, (max-width: 1024px) 100vw, 1024px\" \/><\/figure>\n<\/div>\n\n\n<p>Como novedad, alumnado y familias de las comarcas vecinas fueron convocados en el Gran Teatro de Alzira.<\/p>\n\n\n<div class=\"wp-block-image\">\n<figure class=\"aligncenter size-large\"><img loading=\"lazy\" decoding=\"async\" width=\"1024\" height=\"577\" src=\"https:\/\/lapurisimaalzira.org\/wp-content\/uploads\/2022\/11\/Foto-3-1024x577.jpg\" alt=\"\" class=\"wp-image-3688\" srcset=\"https:\/\/lapurisimaalzira.org\/wp-content\/uploads\/2022\/11\/Foto-3-1024x577.jpg 1024w, https:\/\/lapurisimaalzira.org\/wp-content\/uploads\/2022\/11\/Foto-3-600x338.jpg 600w, https:\/\/lapurisimaalzira.org\/wp-content\/uploads\/2022\/11\/Foto-3-300x169.jpg 300w, https:\/\/lapurisimaalzira.org\/wp-content\/uploads\/2022\/11\/Foto-3-768x432.jpg 768w, https:\/\/lapurisimaalzira.org\/wp-content\/uploads\/2022\/11\/Foto-3-1536x865.jpg 1536w, https:\/\/lapurisimaalzira.org\/wp-content\/uploads\/2022\/11\/Foto-3.jpg 2048w\" sizes=\"auto, (max-width: 1024px) 100vw, 1024px\" \/><\/figure>\n<\/div>\n\n\n<p>Damos la enhorabuena a Cayetana Mart\u00ednez, Paula Remigia y Rub\u00e9n Ortiz por representar la excelencia y les animamos a seguir trabajando y confiando en nuestro Centro para su formaci\u00f3n educativa y personal.<\/p>\n\n\n<div class=\"wp-block-image\">\n<figure class=\"aligncenter size-large\"><img loading=\"lazy\" decoding=\"async\" width=\"1024\" height=\"577\" src=\"https:\/\/lapurisimaalzira.org\/wp-content\/uploads\/2022\/11\/Foto-4-1024x577.jpg\" alt=\"\" class=\"wp-image-3689\" srcset=\"https:\/\/lapurisimaalzira.org\/wp-content\/uploads\/2022\/11\/Foto-4-1024x577.jpg 1024w, https:\/\/lapurisimaalzira.org\/wp-content\/uploads\/2022\/11\/Foto-4-600x338.jpg 600w, https:\/\/lapurisimaalzira.org\/wp-content\/uploads\/2022\/11\/Foto-4-300x169.jpg 300w, https:\/\/lapurisimaalzira.org\/wp-content\/uploads\/2022\/11\/Foto-4-768x432.jpg 768w, https:\/\/lapurisimaalzira.org\/wp-content\/uploads\/2022\/11\/Foto-4-1536x865.jpg 1536w, https:\/\/lapurisimaalzira.org\/wp-content\/uploads\/2022\/11\/Foto-4.jpg 2048w\" sizes=\"auto, (max-width: 1024px) 100vw, 1024px\" \/><\/figure>\n<\/div>\n\n<div class=\"wp-block-image\">\n<figure class=\"aligncenter size-large\"><img loading=\"lazy\" decoding=\"async\" width=\"834\" height=\"1024\" src=\"https:\/\/lapurisimaalzira.org\/wp-content\/uploads\/2022\/11\/Foto-1-834x1024.jpg\" alt=\"\" class=\"wp-image-3690\" srcset=\"https:\/\/lapurisimaalzira.org\/wp-content\/uploads\/2022\/11\/Foto-1-834x1024.jpg 834w, https:\/\/lapurisimaalzira.org\/wp-content\/uploads\/2022\/11\/Foto-1-600x737.jpg 600w, https:\/\/lapurisimaalzira.org\/wp-content\/uploads\/2022\/11\/Foto-1-244x300.jpg 244w, https:\/\/lapurisimaalzira.org\/wp-content\/uploads\/2022\/11\/Foto-1-768x943.jpg 768w, https:\/\/lapurisimaalzira.org\/wp-content\/uploads\/2022\/11\/Foto-1.jpg 1080w\" sizes=\"auto, (max-width: 834px) 100vw, 834px\" \/><\/figure>\n<\/div>","protected":false},"excerpt":{"rendered":"<p>03-06-2023 34\u00ba Cross escolar de Alzira El pasado s\u00e1bado 3 de junio en la Ciudad Deportiva Jorge Mart\u00ednez Salvadores \u00abAspar\u00bb &hellip; <\/p>\n","protected":false},"author":1,"featured_media":0,"parent":0,"menu_order":0,"comment_status":"closed","ping_status":"closed","template":"","meta":{"footnotes":""},"class_list":["post-3681","page","type-page","status-publish","hentry"],"_links":{"self":[{"href":"https:\/\/lapurisimaalzira.org\/index.php?rest_route=\/wp\/v2\/pages\/3681","targetHints":{"allow":["GET"]}}],"collection":[{"href":"https:\/\/lapurisimaalzira.org\/index.php?rest_route=\/wp\/v2\/pages"}],"about":[{"href":"https:\/\/lapurisimaalzira.org\/index.php?rest_route=\/wp\/v2\/types\/page"}],"author":[{"embeddable":true,"href":"https:\/\/lapurisimaalzira.org\/index.php?rest_route=\/wp\/v2\/users\/1"}],"replies":[{"embeddable":true,"href":"https:\/\/lapurisimaalzira.org\/index.php?rest_route=%2Fwp%2Fv2%2Fcomments&post=3681"}],"version-history":[{"count":6,"href":"https:\/\/lapurisimaalzira.org\/index.php?rest_route=\/wp\/v2\/pages\/3681\/revisions"}],"predecessor-version":[{"id":3985,"href":"https:\/\/lapurisimaalzira.org\/index.php?rest_route=\/wp\/v2\/pages\/3681\/revisions\/3985"}],"wp:attachment":[{"href":"https:\/\/lapurisimaalzira.org\/index.php?rest_route=%2Fwp%2Fv2%2Fmedia&parent=3681"}],"curies":[{"name":"wp","href":"https:\/\/api.w.org\/{rel}","templated":true}]}}