{"id":557,"date":"2019-07-10T20:20:44","date_gmt":"2019-07-10T20:20:44","guid":{"rendered":"http:\/\/lapurisimaalzira.org\/?page_id=557"},"modified":"2019-07-12T16:40:12","modified_gmt":"2019-07-12T16:40:12","slug":"premios-curso-2011-2012","status":"publish","type":"page","link":"https:\/\/lapurisimaalzira.org\/?page_id=557","title":{"rendered":"Premios Curso 2011-2012"},"content":{"rendered":"\n<p><em><strong>26-05-2012<\/strong><\/em><\/p>\n\n\n\n<p class=\"has-large-font-size\">XXV Volta a Peu-Cross Escolar d&#8217;Alzira<\/p>\n\n\n\n<p>Estos son los premios conseguidos por nuestros alumnos:<\/p>\n\n\n\n<p style=\"text-align:center\"><strong>Infantil Masculino:<\/strong><\/p>\n\n\n\n<p style=\"text-align:center\">4\u00ba) Guille Espa\u00f1a<\/p>\n\n\n\n<p style=\"text-align:center\"><strong>Infantil Femenino:<\/strong><\/p>\n\n\n\n<p style=\"text-align:center\">1\u00ba) Carla Castillo<br> 2\u00ba) Carla Valls<br>3\u00ba) Andrea Giner<\/p>\n\n\n\n<p style=\"text-align:center\">4\u00ba) Esther\u00a0Caster\u00e1<br> 5\u00ba) Marta Orts\u00a0\u00a0\u00a0\u00a0\u00a0\u00a0\u00a0 <br> <\/p>\n\n\n\n<p style=\"text-align:center\"><strong>Alev\u00edn Masculino<\/strong>:<\/p>\n\n\n\n<p style=\"text-align:center\">4\u00ba) Daniel Soler<\/p>\n\n\n\n<p style=\"text-align:center\"><strong>Alev\u00edn Femenino:&nbsp;&nbsp;&nbsp; <\/strong><\/p>\n\n\n\n<p style=\"text-align:center\">2\u00ba) Alexia L\u00f3pez<br> 3\u00ba) Cristina Soler<\/p>\n\n\n\n<p style=\"text-align:center\"><strong>Benjam\u00edn Femenino:<\/strong><\/p>\n\n\n\n<p style=\"text-align:center\">5\u00ba) Maria Gar\u00e9s<\/p>\n\n\n\n<p style=\"text-align:center\"><strong>Prebenjam\u00edn Masculino:<\/strong>&nbsp;<\/p>\n\n\n\n<p style=\"text-align:center\">1\u00ba) Roberto Dami\u00e1n<br> <\/p>\n\n\n\n<p style=\"text-align:center\"><strong>Prebenjam\u00edn Femenino:<\/strong><\/p>\n\n\n\n<p style=\"text-align:center\">2\u00ba) Blanca Valencia<\/p>\n\n\n\n<p><a target=\"_blank\" href=\"http:\/\/www.riberaexpress.es\/?p=51442\" rel=\"noreferrer noopener\">Ribera Express.com (27-05-2012):<\/a> Centenars d&#8217;atletes commemoren la XXV Volta a Peu-Cross Escolar d&#8217;Alzira.<\/p>\n\n\n\n<p><a href=\"http:\/\/www.elseisdoble.com\/vernoticia\/12920\/la_xxv_edicion_de_la_volta_a_peucross_escolar_ha_tenido_lugar_en_alzira_con_una_gran_asistencia_de_participantes\" target=\"_blank\" rel=\"noreferrer noopener\">El Seis Doble (29-05-2012):<\/a> La XXV edici\u00f3n de la Volta a Peu-Cross Escolar ha tenido lugar en Alzira con una gran asistencia de participantes.<br> <\/p>\n\n\n\n<hr class=\"wp-block-separator\"\/>\n\n\n\n<p><strong><em>25-05-2012<\/em><\/strong><\/p>\n\n\n\n<p class=\"has-large-font-size\">V Concurso de Dibujo Escolar de Alzira \u00abD\u00eda Mundial del Medio Ambiente\u00bb <\/p>\n\n\n\n<p align=\"justify\"><strong>Zaida And\u00fajar Roca<\/strong> de 5\u00ba de Primaria ha ganado el <strong>1er premio<\/strong>, <strong>M\u00aa del Lluch Ferrer Donato<\/strong> de 5\u00ba de Primaria ha ganado el <strong>2\u00ba premio<\/strong>, y <strong>Olga Garc\u00eda Rosell<\/strong> de 6\u00ba de Primaria ha ganado el <strong>3er premio<\/strong>.<\/p>\n\n\n\n<hr class=\"wp-block-separator\"\/>\n\n\n\n<p><strong><em>28-04-2012<\/em><\/strong><\/p>\n\n\n\n<p class=\"has-large-font-size\">XIII  Campeonato Interescolar Local de Atletismo<\/p>\n\n\n\n<p align=\"justify\">El colegio La Pur\u00edsima fue  el que m\u00e1s trofeos recibi\u00f3, consiguiendo 18 trofeos en total (6  primeros, 7 segundos y 5 terceros puestos).<\/p>\n\n\n\n<p>Los alumnos que ganaron dichos trofeos fueron los siguientes:<\/p>\n\n\n\n<p style=\"text-align:center\">1\u00ba<\/p>\n\n\n\n<table class=\"wp-block-table aligncenter\"><tbody><tr><td><em>CATEGOR\u00cdA<\/em>             <\/td><td><em>PRUEBA<\/em><\/td><td><em>ALUMNO\/A<\/em><\/td><\/tr><tr><td>Alev\u00edn femenino<\/td><td>600 metros<\/td><td>Alexia L\u00f3pez-Dur\u00e1n Tormo<\/td><\/tr><tr><td>Benjam\u00edn masculino<\/td><td>Peso<\/td><td>Sergio Llinares Tormos<\/td><\/tr><tr><td>Infantil femenino<\/td><td>Altura<\/td><td>Alexandra Bayarri Cucarella<\/td><\/tr><tr><td>Infantil femenino<\/td><td>Peso<\/td><td>Mar Murillo Blasco<\/td><\/tr><tr><td>Infantil femenino<\/td><td>Longitud<\/td><td>Marta Orts Llacer<\/td><\/tr><tr><td>Infantil femenino<\/td><td>800 metros<\/td><td>Marta Orts Ll\u00e1cer<\/td><\/tr><\/tbody><\/table>\n\n\n\n<p style=\"text-align:center\">2\u00ba<\/p>\n\n\n\n<table class=\"wp-block-table aligncenter\"><tbody><tr><td><em>CATEGOR\u00cdA<\/em>             <\/td><td><em>PRUEBA<\/em><\/td><td><em>ALUMNO\/A<\/em><\/td><\/tr><tr><td>Alev\u00edn masculino<\/td><td>Longitud<\/td><td>Jaime Dolz Cardona<\/td><\/tr><tr><td>Benjam\u00edn femenino<\/td><td>Altura<\/td><td>Nerea Gil Tatay<\/td><\/tr><tr><td>Benjam\u00edn femenino<\/td><td>Peso<\/td><td>Carla Garc\u00eda Garc\u00eda<\/td><\/tr><tr><td>Infantil femenino<\/td><td>Altura<\/td><td>Marta Orts Ll\u00e1cer<\/td><\/tr><tr><td>Infantil femenino<\/td><td>Peso<\/td><td>Alejandra Frutos P\u00e9rez<\/td><\/tr><tr><td>Infantil femenino<\/td><td>Longitud<\/td><td>Esther Caster\u00e1 Tom\u00e1s<\/td><\/tr><tr><td>Infantil masculino<\/td><td>800 metros<\/td><td>Ernesto Ferrandis Celda<\/td><\/tr><\/tbody><\/table>\n\n\n\n<p style=\"text-align:center\">3\u00ba<\/p>\n\n\n\n<table class=\"wp-block-table aligncenter\"><tbody><tr><td><em>CATEGOR\u00cdA<\/em>             <\/td><td><em>PRUEBA<\/em><\/td><td><em>ALUMNO\/A<\/em><\/td><\/tr><tr><td>Alev\u00edn femenino<\/td><td>Altura<\/td><td>Cristina Roca Gallardo<\/td><\/tr><tr><td>Alev\u00edn masculino<\/td><td>Altura<\/td><td>Jaime Dolz Cardona<\/td><\/tr><tr><td>Benjam\u00edn femenino<\/td><td>400 metros<\/td><td>Nerea Gil Tatay<\/td><\/tr><tr><td>Infantil femenino<\/td><td>Longitud<\/td><td>Cristina G\u00f3mez Soria<\/td><\/tr><tr><td>Infantil femenino<\/td><td>800 metros<\/td><td>Cristina G\u00f3mez Soria<\/td><\/tr><\/tbody><\/table>\n\n\n\n<p align=\"justify\"><a href=\"http:\/\/www.elseisdoble.com\/vernoticia\/12541\/alrededor_de_400_estudiantes_participaron_ayer_en_alzira_en_el_xiii_campeonato_interescolar_local_de_atletismo\" target=\"_blank\" rel=\"noreferrer noopener\">El Seis Doble (29-04-2012)<\/a>: \u00abAlrededor de 400 estudiantes participaron ayer en Alzira en el XIII Campeonato Interescolar Local de Atletismo. Los colegios que m\u00e1s participantes han aportado fueron La Pur\u00edsima, Alborx\u00ed y la Acad\u00e8mia X\u00faquer\u00bb.<\/p>\n\n\n\n<hr class=\"wp-block-separator\"\/>\n\n\n\n<p><em><strong>01-03-2012<\/strong><\/em><br> <\/p>\n\n\n\n<p align=\"justify\">Ayer 29 de febrero, en la Casa de la Cultura, se concedieron los premios del \u00ab<strong>X Concurs de contes sobre la dis-Capacitat<\/strong>\u00ab. En la categor\u00eda de ESO y PQPI gan\u00f3 <strong>Carla Castillo Monteagudo<\/strong> de 1\u00ba de ESO B con la obra \u00ab<em>La estrella que m\u00e1s brilla<\/em>\u00ab.<br> <\/p>\n\n\n\n<p align=\"justify\">Quedaron como finalistas <strong>Gemma Castro F\u00e1bregues<\/strong> de 2\u00ba de ESO A con la obra \u00ab<em>Una bonica hist\u00f2ria d&#8217;amor<\/em>\u00bb y <strong>David Castillo Monteagudo<\/strong> de 1\u00ba de ESO B con \u00ab<em>Buscando mi suerte<\/em>\u00ab.<br> <\/p>\n\n\n\n<p align=\"justify\">En\n  esta categor\u00eda, nuestro Colegio obtuvo un reconocimiento especial al  \nser todos los finalistas alumnos nuestros, concedi\u00e9ndole un vale a  \ncanjear con material escolar o libros.<\/p>\n\n\n\n<p align=\"justify\">Se puede ver la noticia publicada en <a target=\"_blank\" href=\"http:\/\/www.elseisdoble.com\/vernoticia\/11847\/se_entregaron_ayer_en_alzira_los_premios_del_x_concurso_de_cuentos_sobre_discapacidad\" rel=\"noreferrer noopener\">El Seis Doble<\/a> y en <a target=\"_blank\" href=\"http:\/\/www.lasprovincias.es\/v\/20120302\/ribera-costera\/entrega-premios-concurso-capacidad-20120302.html\" rel=\"noreferrer noopener\">Las Provincias<\/a>.<\/p>\n\n\n\n<hr class=\"wp-block-separator\"\/>\n\n\n\n<p><strong><em>03-01-2012<\/em><\/strong><\/p>\n\n\n\n<p align=\"justify\">Los\n exalumnos de nuestro colegio Marc  Jornet, Mar\u00eda Lair\u00f3n y Jes\u00fas Palaz\u00f3n\n y los alumnos Nacho Montalv\u00e1 (1\u00ba  Bachiller A) y Sergio Palaz\u00f3n (4\u00ba ESO\n A) han sido galardonados con el premio \u00abJoven Ejemplar 2010-2011\u00bb.<br> <\/p>\n\n\n\n<p align=\"justify\"><a target=\"_blank\" href=\"http:\/\/www.elseisdoble.com\/vernoticia\/11141\/jovenes_de_alzira_han_sido_galardonados_por_su_actividad_en_diferentes_areas#.TwL6dymec7g.email\" rel=\"noreferrer noopener\">El Seis Doble<\/a>: J\u00f3venes de Alzira han sido galardonados por su actividad en diferentes \u00e1reas.<\/p>\n\n\n\n<ul class=\"wp-block-gallery aligncenter columns-3 is-cropped wp-block-gallery-1 is-layout-flex wp-block-gallery-is-layout-flex\"><li class=\"blocks-gallery-item\"><figure><img loading=\"lazy\" decoding=\"async\" width=\"608\" height=\"600\" src=\"https:\/\/lapurisimaalzira.org\/wp-content\/uploads\/2019\/07\/03-01-2012_Jesus_Palazon.jpg\" alt=\"\" data-id=\"799\" data-link=\"https:\/\/lapurisimaalzira.org\/?attachment_id=799\" class=\"wp-image-799\" srcset=\"https:\/\/lapurisimaalzira.org\/wp-content\/uploads\/2019\/07\/03-01-2012_Jesus_Palazon.jpg 608w, https:\/\/lapurisimaalzira.org\/wp-content\/uploads\/2019\/07\/03-01-2012_Jesus_Palazon-100x100.jpg 100w, https:\/\/lapurisimaalzira.org\/wp-content\/uploads\/2019\/07\/03-01-2012_Jesus_Palazon-600x592.jpg 600w, https:\/\/lapurisimaalzira.org\/wp-content\/uploads\/2019\/07\/03-01-2012_Jesus_Palazon-300x296.jpg 300w, https:\/\/lapurisimaalzira.org\/wp-content\/uploads\/2019\/07\/03-01-2012_Jesus_Palazon-70x70.jpg 70w\" sizes=\"auto, (max-width: 608px) 100vw, 608px\" \/><\/figure><\/li><li class=\"blocks-gallery-item\"><figure><img loading=\"lazy\" decoding=\"async\" width=\"960\" height=\"720\" src=\"https:\/\/lapurisimaalzira.org\/wp-content\/uploads\/2019\/07\/03-01-2012_Los_cinco.jpg\" alt=\"\" data-id=\"800\" data-link=\"https:\/\/lapurisimaalzira.org\/?attachment_id=800\" class=\"wp-image-800\" srcset=\"https:\/\/lapurisimaalzira.org\/wp-content\/uploads\/2019\/07\/03-01-2012_Los_cinco.jpg 960w, https:\/\/lapurisimaalzira.org\/wp-content\/uploads\/2019\/07\/03-01-2012_Los_cinco-600x450.jpg 600w, https:\/\/lapurisimaalzira.org\/wp-content\/uploads\/2019\/07\/03-01-2012_Los_cinco-300x225.jpg 300w, https:\/\/lapurisimaalzira.org\/wp-content\/uploads\/2019\/07\/03-01-2012_Los_cinco-768x576.jpg 768w\" sizes=\"auto, (max-width: 960px) 100vw, 960px\" \/><\/figure><\/li><li class=\"blocks-gallery-item\"><figure><img loading=\"lazy\" decoding=\"async\" width=\"800\" height=\"531\" src=\"https:\/\/lapurisimaalzira.org\/wp-content\/uploads\/2019\/07\/03-01-2012_Marc_Jornet.jpg\" alt=\"\" data-id=\"801\" data-link=\"https:\/\/lapurisimaalzira.org\/?attachment_id=801\" class=\"wp-image-801\" srcset=\"https:\/\/lapurisimaalzira.org\/wp-content\/uploads\/2019\/07\/03-01-2012_Marc_Jornet.jpg 800w, https:\/\/lapurisimaalzira.org\/wp-content\/uploads\/2019\/07\/03-01-2012_Marc_Jornet-600x398.jpg 600w, https:\/\/lapurisimaalzira.org\/wp-content\/uploads\/2019\/07\/03-01-2012_Marc_Jornet-300x199.jpg 300w, https:\/\/lapurisimaalzira.org\/wp-content\/uploads\/2019\/07\/03-01-2012_Marc_Jornet-768x510.jpg 768w\" sizes=\"auto, (max-width: 800px) 100vw, 800px\" \/><\/figure><\/li><li class=\"blocks-gallery-item\"><figure><img loading=\"lazy\" decoding=\"async\" width=\"800\" height=\"600\" src=\"https:\/\/lapurisimaalzira.org\/wp-content\/uploads\/2019\/07\/03-01-2012_Maria_Lairon.jpg\" alt=\"\" data-id=\"802\" data-link=\"https:\/\/lapurisimaalzira.org\/?attachment_id=802\" class=\"wp-image-802\" srcset=\"https:\/\/lapurisimaalzira.org\/wp-content\/uploads\/2019\/07\/03-01-2012_Maria_Lairon.jpg 800w, https:\/\/lapurisimaalzira.org\/wp-content\/uploads\/2019\/07\/03-01-2012_Maria_Lairon-600x450.jpg 600w, https:\/\/lapurisimaalzira.org\/wp-content\/uploads\/2019\/07\/03-01-2012_Maria_Lairon-300x225.jpg 300w, https:\/\/lapurisimaalzira.org\/wp-content\/uploads\/2019\/07\/03-01-2012_Maria_Lairon-768x576.jpg 768w\" sizes=\"auto, (max-width: 800px) 100vw, 800px\" \/><\/figure><\/li><li class=\"blocks-gallery-item\"><figure><img loading=\"lazy\" decoding=\"async\" width=\"800\" height=\"600\" src=\"https:\/\/lapurisimaalzira.org\/wp-content\/uploads\/2019\/07\/03-01-2012_Nacho_Montalva.jpg\" alt=\"\" data-id=\"803\" data-link=\"https:\/\/lapurisimaalzira.org\/?attachment_id=803\" class=\"wp-image-803\" srcset=\"https:\/\/lapurisimaalzira.org\/wp-content\/uploads\/2019\/07\/03-01-2012_Nacho_Montalva.jpg 800w, https:\/\/lapurisimaalzira.org\/wp-content\/uploads\/2019\/07\/03-01-2012_Nacho_Montalva-600x450.jpg 600w, https:\/\/lapurisimaalzira.org\/wp-content\/uploads\/2019\/07\/03-01-2012_Nacho_Montalva-300x225.jpg 300w, https:\/\/lapurisimaalzira.org\/wp-content\/uploads\/2019\/07\/03-01-2012_Nacho_Montalva-768x576.jpg 768w\" sizes=\"auto, (max-width: 800px) 100vw, 800px\" \/><\/figure><\/li><li class=\"blocks-gallery-item\"><figure><img loading=\"lazy\" decoding=\"async\" width=\"657\" height=\"600\" src=\"https:\/\/lapurisimaalzira.org\/wp-content\/uploads\/2019\/07\/03-01-2012_Sergio_Palazon.jpg\" alt=\"\" data-id=\"804\" data-link=\"https:\/\/lapurisimaalzira.org\/?attachment_id=804\" class=\"wp-image-804\" srcset=\"https:\/\/lapurisimaalzira.org\/wp-content\/uploads\/2019\/07\/03-01-2012_Sergio_Palazon.jpg 657w, https:\/\/lapurisimaalzira.org\/wp-content\/uploads\/2019\/07\/03-01-2012_Sergio_Palazon-600x548.jpg 600w, https:\/\/lapurisimaalzira.org\/wp-content\/uploads\/2019\/07\/03-01-2012_Sergio_Palazon-300x274.jpg 300w\" sizes=\"auto, (max-width: 657px) 100vw, 657px\" \/><\/figure><\/li><\/ul>\n\n\n\n<hr class=\"wp-block-separator\"\/>\n\n\n\n<p><strong><em>24-11-2011<\/em><\/strong><\/p>\n\n\n\n<p align=\"justify\"><a href=\"http:\/\/www.docv.gva.es\/datos\/2011\/11\/24\/pdf\/2011_11850.pdf\" target=\"_blank\" rel=\"noreferrer noopener\">DOCV: Concesi\u00f3n Premio Extraordinario en ESO curso 2010-2011 a Ignacio Montalv\u00e1 Candel.<\/a><\/p>\n\n\n\n<hr class=\"wp-block-separator\"\/>\n\n\n\n<p><strong><em>08-11-2011<\/em> <\/strong><\/p>\n\n\n\n<p align=\"justify\"><a target=\"_blank\" href=\"http:\/\/www.lasprovincias.es\/v\/20111109\/ribera-costera\/maria-lairon-gana-premio-20111109.html\" rel=\"noreferrer noopener\">Las Provincias: Mar\u00eda Lair\u00f3n consigue el Premio extraordinario de Bachiller curso 2010-2011<\/a><\/p>\n\n\n\n<p align=\"justify\"><a target=\"_blank\" href=\"http:\/\/www.docv.gva.es\/datos\/2011\/11\/08\/pdf\/2011_11281.pdf\" rel=\"noreferrer noopener\">DOCV: Concesi\u00f3n de premios extraordinarios de Bachiller curso 2010-2011<\/a><\/p>\n","protected":false},"excerpt":{"rendered":"<p>26-05-2012 XXV Volta a Peu-Cross Escolar d&#8217;Alzira Estos son los premios conseguidos por nuestros alumnos: Infantil Masculino: 4\u00ba) Guille Espa\u00f1a &hellip; <\/p>\n","protected":false},"author":1,"featured_media":0,"parent":0,"menu_order":0,"comment_status":"closed","ping_status":"closed","template":"","meta":{"footnotes":""},"class_list":["post-557","page","type-page","status-publish","hentry"],"_links":{"self":[{"href":"https:\/\/lapurisimaalzira.org\/index.php?rest_route=\/wp\/v2\/pages\/557","targetHints":{"allow":["GET"]}}],"collection":[{"href":"https:\/\/lapurisimaalzira.org\/index.php?rest_route=\/wp\/v2\/pages"}],"about":[{"href":"https:\/\/lapurisimaalzira.org\/index.php?rest_route=\/wp\/v2\/types\/page"}],"author":[{"embeddable":true,"href":"https:\/\/lapurisimaalzira.org\/index.php?rest_route=\/wp\/v2\/users\/1"}],"replies":[{"embeddable":true,"href":"https:\/\/lapurisimaalzira.org\/index.php?rest_route=%2Fwp%2Fv2%2Fcomments&post=557"}],"version-history":[{"count":14,"href":"https:\/\/lapurisimaalzira.org\/index.php?rest_route=\/wp\/v2\/pages\/557\/revisions"}],"predecessor-version":[{"id":810,"href":"https:\/\/lapurisimaalzira.org\/index.php?rest_route=\/wp\/v2\/pages\/557\/revisions\/810"}],"wp:attachment":[{"href":"https:\/\/lapurisimaalzira.org\/index.php?rest_route=%2Fwp%2Fv2%2Fmedia&parent=557"}],"curies":[{"name":"wp","href":"https:\/\/api.w.org\/{rel}","templated":true}]}}