{"id":882,"date":"2019-07-12T19:47:36","date_gmt":"2019-07-12T19:47:36","guid":{"rendered":"http:\/\/lapurisimaalzira.org\/?page_id=882"},"modified":"2021-12-13T13:46:30","modified_gmt":"2021-12-13T11:46:30","slug":"curriculum","status":"publish","type":"page","link":"https:\/\/lapurisimaalzira.org\/?page_id=882","title":{"rendered":"Curr\u00edculum"},"content":{"rendered":"\n<p align=\"justify\">Si est\u00e1s interesado en formar parte de nuestro proceso de selecci\u00f3n, puedes enviarnos tu curr\u00edculum a la siguiente direcci\u00f3n:<\/p>\n\n\n\n<p class=\"has-text-align-center\"><a href=\"mailto:curriculum@lapurisimaalzira.es\" target=\"_blank\" rel=\"noreferrer noopener\">curriculum@lapurisimaalzira.es<\/a><\/p>\n\n\n\n<p class=\"has-text-align-center has-medium-font-size\">Aviso: No se aceptan curr\u00edculums en papel<\/p>\n\n\n\n<p class=\"has-medium-font-size\">Al enviar el correo se recibir\u00e1 una respuesta autom\u00e1tica para CONFIRMAR la recepci\u00f3n de la informaci\u00f3n b\u00e1sica relativa a Protecci\u00f3n de datos. Es imprescindible contestar a dicha respuesta autom\u00e1tica.<\/p>\n","protected":false},"excerpt":{"rendered":"<p>Si est\u00e1s interesado en formar parte de nuestro proceso de selecci\u00f3n, puedes enviarnos tu curr\u00edculum a la siguiente direcci\u00f3n: curriculum@lapurisimaalzira.es &hellip; <\/p>\n","protected":false},"author":1,"featured_media":0,"parent":0,"menu_order":0,"comment_status":"closed","ping_status":"closed","template":"","meta":{"footnotes":""},"class_list":["post-882","page","type-page","status-publish","hentry"],"_links":{"self":[{"href":"https:\/\/lapurisimaalzira.org\/index.php?rest_route=\/wp\/v2\/pages\/882","targetHints":{"allow":["GET"]}}],"collection":[{"href":"https:\/\/lapurisimaalzira.org\/index.php?rest_route=\/wp\/v2\/pages"}],"about":[{"href":"https:\/\/lapurisimaalzira.org\/index.php?rest_route=\/wp\/v2\/types\/page"}],"author":[{"embeddable":true,"href":"https:\/\/lapurisimaalzira.org\/index.php?rest_route=\/wp\/v2\/users\/1"}],"replies":[{"embeddable":true,"href":"https:\/\/lapurisimaalzira.org\/index.php?rest_route=%2Fwp%2Fv2%2Fcomments&post=882"}],"version-history":[{"count":5,"href":"https:\/\/lapurisimaalzira.org\/index.php?rest_route=\/wp\/v2\/pages\/882\/revisions"}],"predecessor-version":[{"id":2926,"href":"https:\/\/lapurisimaalzira.org\/index.php?rest_route=\/wp\/v2\/pages\/882\/revisions\/2926"}],"wp:attachment":[{"href":"https:\/\/lapurisimaalzira.org\/index.php?rest_route=%2Fwp%2Fv2%2Fmedia&parent=882"}],"curies":[{"name":"wp","href":"https:\/\/api.w.org\/{rel}","templated":true}]}}